{"id":1284,"date":"2019-09-16T14:26:38","date_gmt":"2019-09-16T12:26:38","guid":{"rendered":"https:\/\/www.miss-cactus.com\/?page_id=1284"},"modified":"2019-09-16T14:26:39","modified_gmt":"2019-09-16T12:26:39","slug":"largeur-du-tissu-definition","status":"publish","type":"page","link":"https:\/\/www.miss-cactus.com\/blog\/index.php\/largeur-du-tissu-definition\/","title":{"rendered":"Largeur du tissu : d\u00e9finition"},"content":{"rendered":"\n<div class=\"wp-block-media-text alignwide\"><figure class=\"wp-block-media-text__media\"><\/figure><div class=\"wp-block-media-text__content\">\n<p>Mesure entre les deux lisi\u00e8res (bords finis) du tissu.<\/p>\n\n\n\n<p>Assez g\u00e9n\u00e9ralement, les tissus sont en 110 cm ou 140 cm de large.<\/p>\n<\/div><\/div>\n\n\n\n<p>Par ici, vous conna\u00eetrez <strong><a href=\"https:\/\/www.miss-cactus.com\/?page_id=1251\">la d\u00e9finition de la lisi\u00e8re d&rsquo;un tissu<\/a><\/strong>.<\/p>\n","protected":false},"excerpt":{"rendered":"<p>Mesure entre les deux lisi\u00e8res (bords finis) du tissu. Assez g\u00e9n\u00e9ralement, les tissus sont en 110 cm ou 140 cm de large. Par ici, vous conna\u00eetrez la d\u00e9finition de la [&hellip;]<\/p>\n","protected":false},"author":1,"featured_media":0,"parent":0,"menu_order":0,"comment_status":"closed","ping_status":"closed","template":"","meta":{"footnotes":""},"class_list":["post-1284","page","type-page","status-publish","hentry"],"_links":{"self":[{"href":"https:\/\/www.miss-cactus.com\/blog\/index.php\/wp-json\/wp\/v2\/pages\/1284","targetHints":{"allow":["GET"]}}],"collection":[{"href":"https:\/\/www.miss-cactus.com\/blog\/index.php\/wp-json\/wp\/v2\/pages"}],"about":[{"href":"https:\/\/www.miss-cactus.com\/blog\/index.php\/wp-json\/wp\/v2\/types\/page"}],"author":[{"embeddable":true,"href":"https:\/\/www.miss-cactus.com\/blog\/index.php\/wp-json\/wp\/v2\/users\/1"}],"replies":[{"embeddable":true,"href":"https:\/\/www.miss-cactus.com\/blog\/index.php\/wp-json\/wp\/v2\/comments?post=1284"}],"version-history":[{"count":1,"href":"https:\/\/www.miss-cactus.com\/blog\/index.php\/wp-json\/wp\/v2\/pages\/1284\/revisions"}],"predecessor-version":[{"id":1285,"href":"https:\/\/www.miss-cactus.com\/blog\/index.php\/wp-json\/wp\/v2\/pages\/1284\/revisions\/1285"}],"wp:attachment":[{"href":"https:\/\/www.miss-cactus.com\/blog\/index.php\/wp-json\/wp\/v2\/media?parent=1284"}],"curies":[{"name":"wp","href":"https:\/\/api.w.org\/{rel}","templated":true}]}}