{"id":1279,"date":"2019-09-16T14:23:58","date_gmt":"2019-09-16T12:23:58","guid":{"rendered":"https:\/\/www.miss-cactus.com\/?page_id=1279"},"modified":"2019-09-16T14:23:59","modified_gmt":"2019-09-16T12:23:59","slug":"guide-fil-sur-une-machine-a-coudre-definition","status":"publish","type":"page","link":"https:\/\/www.miss-cactus.com\/blog\/index.php\/guide-fil-sur-une-machine-a-coudre-definition\/","title":{"rendered":"Guide-fil sur une machine \u00e0 coudre : d\u00e9finition"},"content":{"rendered":"\n<div class=\"wp-block-media-text alignwide\"><figure class=\"wp-block-media-text__media\"><img decoding=\"async\" width=\"1024\" height=\"472\" src=\"https:\/\/www.miss-cactus.com\/wp-content\/uploads\/2019\/09\/Dessin_MaC_guide_fil-1024x472.png\" alt=\"\" class=\"wp-image-1144\" srcset=\"https:\/\/www.miss-cactus.com\/blog\/wp-content\/uploads\/2019\/09\/Dessin_MaC_guide_fil-1024x472.png 1024w, https:\/\/www.miss-cactus.com\/blog\/wp-content\/uploads\/2019\/09\/Dessin_MaC_guide_fil-300x138.png 300w, https:\/\/www.miss-cactus.com\/blog\/wp-content\/uploads\/2019\/09\/Dessin_MaC_guide_fil-768x354.png 768w, https:\/\/www.miss-cactus.com\/blog\/wp-content\/uploads\/2019\/09\/Dessin_MaC_guide_fil-750x346.png 750w, https:\/\/www.miss-cactus.com\/blog\/wp-content\/uploads\/2019\/09\/Dessin_MaC_guide_fil-400x184.png 400w, https:\/\/www.miss-cactus.com\/blog\/wp-content\/uploads\/2019\/09\/Dessin_MaC_guide_fil-430x198.png 430w, https:\/\/www.miss-cactus.com\/blog\/wp-content\/uploads\/2019\/09\/Dessin_MaC_guide_fil-150x69.png 150w, https:\/\/www.miss-cactus.com\/blog\/wp-content\/uploads\/2019\/09\/Dessin_MaC_guide_fil-100x46.png 100w\" sizes=\"(max-width: 1024px) 100vw, 1024px\" \/><\/figure><div class=\"wp-block-media-text__content\">\n<p>Objet destin\u00e9 \u00e0 guider le fil sur une machine \u00e0 coudre (pour le bobinage de la canette ou sur le parcours d\u2019enfilage du fil de la bobine)<br><\/p>\n<\/div><\/div>\n\n\n\n<p>Cliquez ici pour <strong><a href=\"https:\/\/www.miss-cactus.com\/?p=508\">situer plus pr\u00e9cis\u00e9ment le guide-fil sur la machine \u00e0 coudre <\/a><\/strong>et l\u00e0 pour <strong><a href=\"https:\/\/www.miss-cactus.com\/?p=532\">tout conna\u00eetre du bobinage de la canette<\/a><\/strong>.<\/p>\n","protected":false},"excerpt":{"rendered":"<p>Objet destin\u00e9 \u00e0 guider le fil sur une machine \u00e0 coudre (pour le bobinage de la canette ou sur le parcours d\u2019enfilage du fil de la bobine) Cliquez ici pour [&hellip;]<\/p>\n","protected":false},"author":1,"featured_media":0,"parent":0,"menu_order":0,"comment_status":"closed","ping_status":"closed","template":"","meta":{"footnotes":""},"class_list":["post-1279","page","type-page","status-publish","hentry"],"_links":{"self":[{"href":"https:\/\/www.miss-cactus.com\/blog\/index.php\/wp-json\/wp\/v2\/pages\/1279","targetHints":{"allow":["GET"]}}],"collection":[{"href":"https:\/\/www.miss-cactus.com\/blog\/index.php\/wp-json\/wp\/v2\/pages"}],"about":[{"href":"https:\/\/www.miss-cactus.com\/blog\/index.php\/wp-json\/wp\/v2\/types\/page"}],"author":[{"embeddable":true,"href":"https:\/\/www.miss-cactus.com\/blog\/index.php\/wp-json\/wp\/v2\/users\/1"}],"replies":[{"embeddable":true,"href":"https:\/\/www.miss-cactus.com\/blog\/index.php\/wp-json\/wp\/v2\/comments?post=1279"}],"version-history":[{"count":2,"href":"https:\/\/www.miss-cactus.com\/blog\/index.php\/wp-json\/wp\/v2\/pages\/1279\/revisions"}],"predecessor-version":[{"id":1283,"href":"https:\/\/www.miss-cactus.com\/blog\/index.php\/wp-json\/wp\/v2\/pages\/1279\/revisions\/1283"}],"wp:attachment":[{"href":"https:\/\/www.miss-cactus.com\/blog\/index.php\/wp-json\/wp\/v2\/media?parent=1279"}],"curies":[{"name":"wp","href":"https:\/\/api.w.org\/{rel}","templated":true}]}}